uppose -t + 6 = 4*t + g, 2*t - g = 1. What is the highest common factor of t and 9?
1
Let y(l) = 2*l**2 + 13*l + 12. Let r be y(-8). Calculate the greatest common divisor of 9 and r.
9
Let h(j) = -j**3 + 2*j**2 + j. Let l be h(-3). What is the highest common factor of 21 and l?
21
Suppose 2*w + 1 - 37 = 0. Let d = 8 + -5. What is the greatest common divisor of w and d?
3
Let n = 106 + -62. Calculate the greatest common divisor of 66 and n.
22
Let k(m) = 6*m**2 + 4*m**2 - 3*m**2 - m + 3 - m**3. Let h be k(5). Suppose 4*g + w = h, w = -5*g + 14 + 46. What is the greatest common factor of 108 and g?
12
Suppose -2*u = -11*u + 2025. What is the greatest common factor of 25 and u?
25
Let x = 75 - 25. Let p = x + 22. Calculate the highest common factor of 9 and p.
9
Suppose 3*q = 797 - 5. What is the greatest common divisor of q and 24?
24
Suppose 2*h - 4 + 0 = -4*x, x = 4*h - 8. Let n = 173 - 168. Calculate the highest common divisor of h and n.
1
Let q be -10 + 1 - (-5 + 6). Let l = -7 - q. What is the greatest common divisor of l and 21?
3
Suppose 0 = b - 4 - 1. Suppose -b*r - 12 = -4*m, -m + 2*r = 4*m - 15. What is the greatest common divisor of m and 1?
1
Let b = -11 - -39. Let c = 5 - 8. Let f be 7/((c + 4)*1). What is the highest common factor of b and f?
7
Let u be (34 - 1/1)*5. Let s(r) = r**3 - 8*r**2 + 8*r + 8. Suppose 4*b - 29 = -1. Let p be s(b). Calculate the greatest common factor of u and p.
15
Let g(p) = -p**2 + 10*p - 3. Let z(x) = 2*x**2 + 5*x + 4. Let l be z(-3). Let b be g(l). Calculate the greatest common divisor of b and 18.
18
Let o = 103 + 24. Suppose -2*h + o + 43 = 2*m, 4*m - 2*h = 316. What is the greatest common divisor of 54 and m?
27
Suppose -v + 97 = 5*n, 2*v - n = -0*n + 172. Calculate the highest common factor of v and 29.
29
Let m be 2/6 - (-34)/(-3). Let a = m + 17. Let k = -8 + 12. Calculate the highest common divisor of k and a.
2
Let s(z) = 1 + 10*z**2 - 1 - 12*z**2 + 8*z**3. Let j be s(2). Calculate the highest common divisor of 14 and j.
14
Let b be 5920/140 + (-1)/(7/2). Calculate the greatest common factor of 28 and b.
14
Let w = 19 + -3. Let j = 89 + w. Suppose -5*t + 0*t + 105 = 0. What is the highest common divisor of t and j?
21
Let t be -3 + 9 - (1 + 1). Let m(d) = -d**3 + 6*d**2 - 3*d - 4. Let j be m(t). Calculate the highest common divisor of j and 24.
8
Let c = 116 - 103. What is the highest common factor of 117 and c?
13
Suppose 0 = -3*h - 5*m + 3*m + 128, 4 = m. Let d = -4 + h. Suppose 0 = 2*b - w - 178, 0*w - 80 = -b + 5*w. What is the greatest common divisor of b and d?
18
Suppose o - 14 = -3. Let u = o + -2. What is the greatest common divisor of 3 and u?
3
Let a(t) = 6*t**3 - t**2 - 2*t + 2. Let u be a(1). Calculate the greatest common factor of 20 and u.
5
Suppose -k + 24 = 4*l, -k = 3*l - 2*l - 36. Calculate the greatest common factor of k and 8.
8
Let o(y) = 69*y**2 - 4*y + 1. Let i be o(1). Calculate the greatest common divisor of 12 and i.
6
Suppose -3*r + 5*q = r - 58, 4*q = -r + 4. Calculate the highest common factor of r and 6.
6
Let p(i) = -4*i - 8*i**2 + 6*i**2 + 3*i**2 - 6*i + 3. Let v be p(11). What is the greatest common divisor of 112 and v?
14
Let x(w) = -4*w - 33. Let c be x(-12). Calculate the highest common factor of 120 and c.
15
Suppose -3*s + 4*w - 3*w - 16 = 0, -s - 2*w = -4. Let y = s + 6. Let j(u) = -u**2 - 20*u + 2. Let b be j(-20). What is the greatest common divisor of y and b?
2
Let y be (5/((-15)/(-18)))/2. Suppose y*l = -l + 4, -h + 1 = -l. Calculate the greatest common divisor of 18 and h.
2
Let m(v) = -v**3 - v**2 - 3*v - 1. Let l be m(-2). Let t(r) = -r**3 + 9*r**2 - r + 12. Let o be t(l). Calculate the greatest common factor of 6 and o.
3
Suppose -2*t + 8 = 0, g - 2 = 3*t - 13. Let n = g - -8. Let u = 39 + 15. What is the highest common factor of u and n?
9
Let b = 2 + 0. Suppose -v = b*v + 324. Let s = v + 163. What is the highest common factor of 5 and s?
5
Let p(g) = g**2 + 2*g - 5. Let d be p(3). Calculate the greatest common factor of 80 and d.
10
Suppose c - 3 = -0. Suppose 21 = 2*w - 3*o, -o - 4*o + 17 = w. What is the highest common divisor of c and w?
3
Let q be (-34)/(-8) + (-2)/8. Suppose q = -g + 9. Let t = 13 - 8. Calculate the greatest common factor of t and g.
5
Let x(c) = 4*c + 9 + 2*c**3 - 7*c**2 + 2*c**2 - c**3. Let z be x(7). Calculate the highest common divisor of 15 and z.
15
Let n(w) = -w**3 + 7*w**2 - 6*w - 2. Let z(t) = -t**2 + 7*t - 1. Let q be z(6). Let f be n(q). What is the highest common factor of f and 90?
18
Let u = 254 + -112. Suppose -3*h + 287 + u = 0. Calculate the highest common divisor of h and 13.
13
Let g = 6 - 2. Calculate the greatest common divisor of g and 28.
4
Let t = 16 - 11. Suppose 18 = -t*s + 68. Let l(a) = 2*a**3 - 3*a**2 + 4*a + 1. Let q be l(3). Calculate the highest common divisor of q and s.
10
Suppose -2*p - j + 24 = 0, 2*p - 71 = -3*p + 3*j. Let y = 57 - 41. Let b be (-3)/(-2)*-2 + y. What is the highest common factor of p and b?
13
Suppose 5*t + 4*h = 103 - 11, -3*t + 2*h + 42 = 0. Let k(x) = 2*x**2 - 4*x + 2. Let c = 11 - 8. Let d be k(c). What is the greatest common factor of d and t?
8
Let a(y) = 4*y**2 - y + 5. Let f be a(6). What is the greatest common factor of 13 and f?
13
Let a(c) = c**3 + 4*c**2 + 3*c. Let v be a(-2). Suppose -3*b = -5*y - 108, 0*b + v*y = 5*b - 161. Calculate the greatest common factor of b and 93.
31
Suppose -4*q = -4*k + 8, 4*k - 4*q = k + 7. Let c = 4 + -4. Let w = 3 + c. What is the highest common factor of w and k?
1
Let q(w) = w**3 + 12*w**2 + 10*w - 14. Let a be q(-11). Let i = 2 - a. What is the greatest common factor of i and 10?
5
Suppose -l + 10 = 2*u, 2*l = 4*l - 2*u - 14. What is the highest common divisor of l and 8?
8
Let u = 704 - 443. Calculate the highest common divisor of 29 and u.
29
Suppose -l = l - 4, -446 = -5*k + 2*l. What is the greatest common divisor of k and 60?
30
Let c(a) = -5*a + 13. Let j be c(-7). What is the highest common factor of 12 and j?
12
Let t = -6 + 5. Let r be ((-1)/2)/(t/10). Let f = -1 + r. Calculate the highest common factor of 6 and f.
2
Let c be (-2)/(-4) - 285/(-6). Suppose 4*o - c = 8. Calculate the greatest common divisor of 154 and o.
14
Let v = -49 + 27. Let r(k) = k**2 - 2*k - 2. Let d be r(4). Let g be ((-15)/d - -2)*v. Calculate the highest common factor of g and 88.
11
Suppose 181 = 2*u - u - 3*q, 0 = -5*q + 5. Suppose -5*z + 490 = 5*s, -2*s - u = -2*z - 0*z. What is the greatest common factor of z and 38?
19
Let h be -1 + 1*(1 + 3). Suppose 42 = -0*t + h*t. Let v be t + 5/(15/(-6)). Calculate the greatest common factor of 2 and v.
2
Suppose 2*i - 3 = o - 37, -2*i - 34 = 5*o. Let m = 38 + i. Suppose 2*w - w - 11 = -u, 64 = 5*w + 2*u. What is the highest common divisor of m and w?
7
Suppose 0 = -4*a - 4 - 4. Let p be (-96)/42 - a/7. Let z be (-168)/(-3) - p/(-2). Calculate the greatest common divisor of 22 and z.
11
Suppose 4*b - 2*b + 5*z + 21 = 0, 6 = 2*b - 4*z. Let m be 20/((4 - -1) + b). What is the highest common divisor of m and 50?
10
Suppose 0 = 2*c + 2, 2*n - 118 = -2*n - 2*c. Calculate the greatest common divisor of n and 45.
15
Let b = -80 + 116. Suppose -4*d = 2*r + r - 43, 3*r = d + 23. Calculate the greatest common divisor of r and b.
9
Let o be 1*((-5 - -1) + 23). What is the greatest common divisor of 19 and o?
19
Let d be 116/14 - 4/14. Suppose -g = -3*y, -3*y = 4*g + g. Suppose -100 = -5*h - 4*u, 3*u = -y*h + h - 39. Calculate the highest common factor of h and d.
8
Suppose 5*u = 3*a + 173 + 237, 4*u + 5*a - 365 = 0. What is the highest common divisor of 17 and u?
17
Suppose -3*h = -0*a - 4*a + 14, -3*h - a + 11 = 0. Suppose 1 = 3*u - h. Calculate the highest common divisor of u and 4.
1
Let o = -7 - -16. Calculate the greatest common factor of o and 63.
9
Let h be 4/(-14) - (-292)/(-7). Let z = 60 + h. Calculate the highest common factor of 45 and z.
9
Let o(p) = 42*p**2 + p + 1. Let l be o(-1). What is the highest common divisor of l and 6?
6
Let t be 2/2*-2 - -30. Let c be ((-21)/(-28))/((-1)/(-56)). Calculate the highest common divisor of t and c.
14
Suppose o - 445 = -5*d, 0*d - 370 = -4*d + 2*o. What is the highest common factor of d and 18?
18
Let r(u) = -99*u + 18. Let y be r(-1). Calculate t